{"id":221,"date":"2020-09-25T12:52:35","date_gmt":"2020-09-25T12:52:35","guid":{"rendered":"http:\/\/biopro.sn\/?page_id=221"},"modified":"2023-02-25T12:39:24","modified_gmt":"2023-02-25T12:39:24","slug":"accueil","status":"publish","type":"page","link":"https:\/\/biopro.sn\/","title":{"rendered":"Accueil"},"content":{"rendered":"<div id=\"pl-gb221-69db808560493\"  class=\"panel-layout\" ><div id=\"pg-gb221-69db808560493-0\"  class=\"panel-grid panel-has-style\" ><div style=\"padding: 100px 0; \" data-overlay=\"true\" class=\"panel-row-style panel-row-style-for-gb221-69db808560493-0\" ><div id=\"pgc-gb221-69db808560493-0-0\"  class=\"panel-grid-cell\" ><div id=\"panel-gb221-69db808560493-0-0-0\" class=\"so-panel widget widget_sow-image panel-first-child\" data-index=\"0\" ><div style=\"text-align: left;\" data-title-color=\"#443f3f\" data-headings-color=\"#443f3f\" class=\"panel-widget-style panel-widget-style-for-gb221-69db808560493-0-0-0\" ><div\n\t\t\t\n\t\t\tclass=\"so-widget-sow-image so-widget-sow-image-default-d6014b76747a-221\"\n\t\t\t\n\t\t>\n\n<div class=\"sow-image-container\">\n\t\t<img decoding=\"async\" src=\"https:\/\/biopro.sn\/wp-content\/uploads\/2023\/02\/bioproBanner-compress.jpg\" width=\"1024\" height=\"512\" srcset=\"https:\/\/biopro.sn\/wp-content\/uploads\/2023\/02\/bioproBanner-compress.jpg 1024w, https:\/\/biopro.sn\/wp-content\/uploads\/2023\/02\/bioproBanner-compress-300x150.jpg 300w, https:\/\/biopro.sn\/wp-content\/uploads\/2023\/02\/bioproBanner-compress-768x384.jpg 768w, https:\/\/biopro.sn\/wp-content\/uploads\/2023\/02\/bioproBanner-compress-1000x500.jpg 1000w, https:\/\/biopro.sn\/wp-content\/uploads\/2023\/02\/bioproBanner-compress-230x115.jpg 230w, https:\/\/biopro.sn\/wp-content\/uploads\/2023\/02\/bioproBanner-compress-350x175.jpg 350w, https:\/\/biopro.sn\/wp-content\/uploads\/2023\/02\/bioproBanner-compress-480x240.jpg 480w\" sizes=\"(max-width: 1024px) 100vw, 1024px\" title=\"BIOPRO SOLUTIONS\" alt=\"\" loading=\"lazy\" \t\tclass=\"so-widget-image\"\/>\n\t<\/div>\n\n<\/div><\/div><\/div><div id=\"panel-gb221-69db808560493-0-0-1\" class=\"so-panel widget widget_sow-headline\" data-index=\"1\" ><div style=\"text-align: left;\" data-title-color=\"#443f3f\" data-headings-color=\"#443f3f\" class=\"panel-widget-style panel-widget-style-for-gb221-69db808560493-0-0-1\" ><div\n\t\t\t\n\t\t\tclass=\"so-widget-sow-headline so-widget-sow-headline-default-b4e0db76ff1d-221\"\n\t\t\t\n\t\t><div class=\"sow-headline-container \">\n\t<h3 class='sow-headline'>Une entreprise de conseil, de distribution et de maintenance de mat\u00e9riel m\u00e9dical et scientifique<\/h3>\t\t\t\t\t<div class=\"decoration\">\n\t\t\t\t\t\t<div class=\"decoration-inside\"><\/div>\n\t\t\t\t\t<\/div>\n\t\t\t\t\t<p class='sow-sub-headline'>Notre force r\u00e9side dans les partenariats strat\u00e9giques que nous avons nou\u00e9s avec des constructeurs de renomm\u00e9e internationale. Notre mission est d&#8217;accompagner l\u2019\u00e9volution de vos structures sanitaires quelles que soient leurs niveaux. Notre vision est de remettre la sant\u00e9 au c\u0153ur du d\u00e9veloppement avec une accessibilit\u00e9 parfaite<\/p><\/div><\/div><\/div><\/div><div id=\"panel-gb221-69db808560493-0-0-2\" class=\"so-panel widget widget_sow-image\" data-index=\"2\" ><div style=\"text-align: left;\" data-title-color=\"#443f3f\" data-headings-color=\"#443f3f\" class=\"panel-widget-style panel-widget-style-for-gb221-69db808560493-0-0-2\" ><div\n\t\t\t\n\t\t\tclass=\"so-widget-sow-image so-widget-sow-image-default-d6014b76747a-221\"\n\t\t\t\n\t\t>\n\n<div class=\"sow-image-container\">\n\t\t<img decoding=\"async\" src=\"https:\/\/biopro.sn\/wp-content\/uploads\/2021\/02\/banner1-compress.jpg\" width=\"1024\" height=\"704\" srcset=\"https:\/\/biopro.sn\/wp-content\/uploads\/2021\/02\/banner1-compress.jpg 1024w, https:\/\/biopro.sn\/wp-content\/uploads\/2021\/02\/banner1-compress-300x206.jpg 300w, https:\/\/biopro.sn\/wp-content\/uploads\/2021\/02\/banner1-compress-768x528.jpg 768w, https:\/\/biopro.sn\/wp-content\/uploads\/2021\/02\/banner1-compress-1000x688.jpg 1000w, https:\/\/biopro.sn\/wp-content\/uploads\/2021\/02\/banner1-compress-230x158.jpg 230w, https:\/\/biopro.sn\/wp-content\/uploads\/2021\/02\/banner1-compress-350x241.jpg 350w, https:\/\/biopro.sn\/wp-content\/uploads\/2021\/02\/banner1-compress-480x330.jpg 480w\" sizes=\"(max-width: 1024px) 100vw, 1024px\" title=\"D\u00e9marche qualit\u00e9\" alt=\"\" loading=\"lazy\" \t\tclass=\"so-widget-image\"\/>\n\t<\/div>\n\n<\/div><\/div><\/div><div id=\"panel-gb221-69db808560493-0-0-3\" class=\"so-panel widget widget_sow-image\" data-index=\"3\" ><div style=\"text-align: left;\" data-title-color=\"#443f3f\" data-headings-color=\"#443f3f\" class=\"panel-widget-style panel-widget-style-for-gb221-69db808560493-0-0-3\" ><div\n\t\t\t\n\t\t\tclass=\"so-widget-sow-image so-widget-sow-image-default-d6014b76747a-221\"\n\t\t\t\n\t\t>\n\n<div class=\"sow-image-container\">\n\t\t<img decoding=\"async\" src=\"https:\/\/biopro.sn\/wp-content\/uploads\/2023\/02\/banner2-compress.jpg\" width=\"1024\" height=\"512\" srcset=\"https:\/\/biopro.sn\/wp-content\/uploads\/2023\/02\/banner2-compress.jpg 1024w, https:\/\/biopro.sn\/wp-content\/uploads\/2023\/02\/banner2-compress-300x150.jpg 300w, https:\/\/biopro.sn\/wp-content\/uploads\/2023\/02\/banner2-compress-768x384.jpg 768w, https:\/\/biopro.sn\/wp-content\/uploads\/2023\/02\/banner2-compress-1000x500.jpg 1000w, https:\/\/biopro.sn\/wp-content\/uploads\/2023\/02\/banner2-compress-230x115.jpg 230w, https:\/\/biopro.sn\/wp-content\/uploads\/2023\/02\/banner2-compress-350x175.jpg 350w, https:\/\/biopro.sn\/wp-content\/uploads\/2023\/02\/banner2-compress-480x240.jpg 480w\" sizes=\"(max-width: 1024px) 100vw, 1024px\" title=\"Nos services\" alt=\"\" loading=\"lazy\" \t\tclass=\"so-widget-image\"\/>\n\t<\/div>\n\n<\/div><\/div><\/div><div id=\"panel-gb221-69db808560493-0-0-4\" class=\"so-panel widget widget_sow-image\" data-index=\"4\" ><div style=\"text-align: left;\" data-title-color=\"#443f3f\" data-headings-color=\"#443f3f\" class=\"panel-widget-style panel-widget-style-for-gb221-69db808560493-0-0-4\" ><div\n\t\t\t\n\t\t\tclass=\"so-widget-sow-image so-widget-sow-image-default-72463164d13f-221\"\n\t\t\t\n\t\t>\n\n<div class=\"sow-image-container\">\n\t\t<img decoding=\"async\" src=\"https:\/\/biopro.sn\/wp-content\/uploads\/2023\/02\/banner3-compress.jpg\" width=\"1024\" height=\"1448\" srcset=\"https:\/\/biopro.sn\/wp-content\/uploads\/2023\/02\/banner3-compress.jpg 1024w, https:\/\/biopro.sn\/wp-content\/uploads\/2023\/02\/banner3-compress-212x300.jpg 212w, https:\/\/biopro.sn\/wp-content\/uploads\/2023\/02\/banner3-compress-724x1024.jpg 724w, https:\/\/biopro.sn\/wp-content\/uploads\/2023\/02\/banner3-compress-768x1086.jpg 768w, https:\/\/biopro.sn\/wp-content\/uploads\/2023\/02\/banner3-compress-1000x1414.jpg 1000w, https:\/\/biopro.sn\/wp-content\/uploads\/2023\/02\/banner3-compress-230x325.jpg 230w, https:\/\/biopro.sn\/wp-content\/uploads\/2023\/02\/banner3-compress-350x495.jpg 350w, https:\/\/biopro.sn\/wp-content\/uploads\/2023\/02\/banner3-compress-480x679.jpg 480w\" sizes=\"(max-width: 1024px) 100vw, 1024px\" title=\"Catalogue\" alt=\"\" loading=\"lazy\" \t\tclass=\"so-widget-image\"\/>\n\t<\/div>\n\n<\/div><\/div><\/div><div id=\"panel-gb221-69db808560493-0-0-5\" class=\"so-panel widget widget_sow-image panel-last-child\" data-index=\"5\" ><div style=\"text-align: left;\" data-title-color=\"#443f3f\" data-headings-color=\"#443f3f\" class=\"panel-widget-style panel-widget-style-for-gb221-69db808560493-0-0-5\" ><div\n\t\t\t\n\t\t\tclass=\"so-widget-sow-image so-widget-sow-image-default-d6014b76747a-221\"\n\t\t\t\n\t\t>\n\n<div class=\"sow-image-container\">\n\t\t<img decoding=\"async\" src=\"https:\/\/biopro.sn\/wp-content\/uploads\/2023\/02\/banner4-scaled.jpg\" width=\"2413\" height=\"2560\" srcset=\"https:\/\/biopro.sn\/wp-content\/uploads\/2023\/02\/banner4-scaled.jpg 2413w, https:\/\/biopro.sn\/wp-content\/uploads\/2023\/02\/banner4-283x300.jpg 283w, https:\/\/biopro.sn\/wp-content\/uploads\/2023\/02\/banner4-965x1024.jpg 965w, https:\/\/biopro.sn\/wp-content\/uploads\/2023\/02\/banner4-768x815.jpg 768w, https:\/\/biopro.sn\/wp-content\/uploads\/2023\/02\/banner4-1448x1536.jpg 1448w, https:\/\/biopro.sn\/wp-content\/uploads\/2023\/02\/banner4-1930x2048.jpg 1930w, https:\/\/biopro.sn\/wp-content\/uploads\/2023\/02\/banner4-1000x1061.jpg 1000w, https:\/\/biopro.sn\/wp-content\/uploads\/2023\/02\/banner4-230x244.jpg 230w, https:\/\/biopro.sn\/wp-content\/uploads\/2023\/02\/banner4-350x371.jpg 350w, https:\/\/biopro.sn\/wp-content\/uploads\/2023\/02\/banner4-480x509.jpg 480w\" sizes=\"(max-width: 2413px) 100vw, 2413px\" title=\"Radio protection et accessoires\" alt=\"\" loading=\"lazy\" \t\tclass=\"so-widget-image\"\/>\n\t<\/div>\n\n<\/div><\/div><\/div><\/div><\/div><\/div><div id=\"pg-gb221-69db808560493-1\"  class=\"panel-grid panel-has-style\" ><div style=\"padding: 100px 0; \" data-overlay=\"true\" class=\"panel-row-style panel-row-style-for-gb221-69db808560493-1\" ><div id=\"pgc-gb221-69db808560493-1-0\"  class=\"panel-grid-cell\" ><div id=\"panel-gb221-69db808560493-1-0-0\" class=\"so-panel widget widget_sow-image panel-first-child\" data-index=\"6\" ><div\n\t\t\t\n\t\t\tclass=\"so-widget-sow-image so-widget-sow-image-default-d6014b76747a-221\"\n\t\t\t\n\t\t>\n\n<div class=\"sow-image-container\">\n\t\t<img decoding=\"async\" src=\"https:\/\/biopro.sn\/wp-content\/uploads\/2020\/10\/PG-5-1.png\" width=\"1666\" height=\"1111\" srcset=\"https:\/\/biopro.sn\/wp-content\/uploads\/2020\/10\/PG-5-1.png 1666w, https:\/\/biopro.sn\/wp-content\/uploads\/2020\/10\/PG-5-1-300x200.png 300w, https:\/\/biopro.sn\/wp-content\/uploads\/2020\/10\/PG-5-1-1024x683.png 1024w, https:\/\/biopro.sn\/wp-content\/uploads\/2020\/10\/PG-5-1-768x512.png 768w, https:\/\/biopro.sn\/wp-content\/uploads\/2020\/10\/PG-5-1-1536x1024.png 1536w, https:\/\/biopro.sn\/wp-content\/uploads\/2020\/10\/PG-5-1-830x553.png 830w, https:\/\/biopro.sn\/wp-content\/uploads\/2020\/10\/PG-5-1-230x153.png 230w, https:\/\/biopro.sn\/wp-content\/uploads\/2020\/10\/PG-5-1-350x233.png 350w, https:\/\/biopro.sn\/wp-content\/uploads\/2020\/10\/PG-5-1-480x320.png 480w, https:\/\/biopro.sn\/wp-content\/uploads\/2020\/10\/PG-5-1-272x182.png 272w\" sizes=\"(max-width: 1666px) 100vw, 1666px\" title=\"PG 5\" alt=\"\" loading=\"lazy\" \t\tclass=\"so-widget-image\"\/>\n\t<\/div>\n\n<\/div><\/div><div id=\"panel-gb221-69db808560493-1-0-1\" class=\"so-panel widget widget_sow-image\" data-index=\"7\" ><div\n\t\t\t\n\t\t\tclass=\"so-widget-sow-image so-widget-sow-image-default-d6014b76747a-221\"\n\t\t\t\n\t\t>\n\n<div class=\"sow-image-container\">\n\t\t<img decoding=\"async\" src=\"https:\/\/biopro.sn\/wp-content\/uploads\/2020\/10\/PG-6.png\" width=\"1716\" height=\"1150\" srcset=\"https:\/\/biopro.sn\/wp-content\/uploads\/2020\/10\/PG-6.png 1716w, https:\/\/biopro.sn\/wp-content\/uploads\/2020\/10\/PG-6-300x201.png 300w, https:\/\/biopro.sn\/wp-content\/uploads\/2020\/10\/PG-6-1024x686.png 1024w, https:\/\/biopro.sn\/wp-content\/uploads\/2020\/10\/PG-6-768x515.png 768w, https:\/\/biopro.sn\/wp-content\/uploads\/2020\/10\/PG-6-1536x1029.png 1536w, https:\/\/biopro.sn\/wp-content\/uploads\/2020\/10\/PG-6-830x556.png 830w, https:\/\/biopro.sn\/wp-content\/uploads\/2020\/10\/PG-6-230x154.png 230w, https:\/\/biopro.sn\/wp-content\/uploads\/2020\/10\/PG-6-350x235.png 350w, https:\/\/biopro.sn\/wp-content\/uploads\/2020\/10\/PG-6-480x322.png 480w, https:\/\/biopro.sn\/wp-content\/uploads\/2020\/10\/PG-6-272x182.png 272w\" sizes=\"(max-width: 1716px) 100vw, 1716px\" title=\"PG 6\" alt=\"\" loading=\"lazy\" \t\tclass=\"so-widget-image\"\/>\n\t<\/div>\n\n<\/div><\/div><div id=\"panel-gb221-69db808560493-1-0-2\" class=\"so-panel widget widget_sow-image panel-last-child\" data-index=\"8\" ><div style=\"text-align: left;\" data-title-color=\"#443f3f\" data-headings-color=\"#443f3f\" class=\"panel-widget-style panel-widget-style-for-gb221-69db808560493-1-0-2\" ><div\n\t\t\t\n\t\t\tclass=\"so-widget-sow-image so-widget-sow-image-default-d6014b76747a-221\"\n\t\t\t\n\t\t>\n\n<div class=\"sow-image-container\">\n\t\t<img decoding=\"async\" src=\"https:\/\/biopro.sn\/wp-content\/uploads\/2020\/10\/PG-7.png\" width=\"1712\" height=\"1150\" srcset=\"https:\/\/biopro.sn\/wp-content\/uploads\/2020\/10\/PG-7.png 1712w, https:\/\/biopro.sn\/wp-content\/uploads\/2020\/10\/PG-7-300x202.png 300w, https:\/\/biopro.sn\/wp-content\/uploads\/2020\/10\/PG-7-1024x688.png 1024w, https:\/\/biopro.sn\/wp-content\/uploads\/2020\/10\/PG-7-768x516.png 768w, https:\/\/biopro.sn\/wp-content\/uploads\/2020\/10\/PG-7-1536x1032.png 1536w, https:\/\/biopro.sn\/wp-content\/uploads\/2020\/10\/PG-7-830x558.png 830w, https:\/\/biopro.sn\/wp-content\/uploads\/2020\/10\/PG-7-230x154.png 230w, https:\/\/biopro.sn\/wp-content\/uploads\/2020\/10\/PG-7-350x235.png 350w, https:\/\/biopro.sn\/wp-content\/uploads\/2020\/10\/PG-7-480x322.png 480w, https:\/\/biopro.sn\/wp-content\/uploads\/2020\/10\/PG-7-272x182.png 272w\" sizes=\"(max-width: 1712px) 100vw, 1712px\" title=\"PG 7\" alt=\"\" loading=\"lazy\" \t\tclass=\"so-widget-image\"\/>\n\t<\/div>\n\n<\/div><\/div><\/div><\/div><\/div><\/div><div id=\"pg-gb221-69db808560493-2\"  class=\"panel-grid panel-has-style\" ><div class=\"siteorigin-panels-stretch panel-row-style panel-row-style-for-gb221-69db808560493-2\" style=\"padding: 0px 0; \" data-stretch-type=\"full-width-stretch\" data-overlay=\"true\" ><div id=\"pgc-gb221-69db808560493-2-0\"  class=\"panel-grid-cell\" ><div id=\"panel-gb221-69db808560493-2-0-0\" class=\"so-panel widget widget_sow-button panel-first-child panel-last-child\" data-index=\"9\" ><div style=\"text-align: left;\" data-title-color=\"#443f3f\" data-headings-color=\"#443f3f\" class=\"panel-widget-style panel-widget-style-for-gb221-69db808560493-2-0-0\" ><div\n\t\t\t\n\t\t\tclass=\"so-widget-sow-button so-widget-sow-button-flat-0daeb7c1bf01-221\"\n\t\t\t\n\t\t><div class=\"ow-button-base ow-button-align-center\">\n\t<a href=\"https:\/\/biopro.sn\/index.php\/evenements\/\" class=\"ow-icon-placement-left ow-button-hover\" \t\t>\n\t\t<span>\n\t\t\t<span class=\"sow-icon-elegantline\" data-sow-icon=\"&#xe009;\"\n\t\tstyle=\"color: #ffffff\" \n\t\taria-hidden=\"true\"><\/span>\n\t\t\tNOS \u00c9V\u00c8NEMENTS\t\t<\/span>\n\t<\/a>\n<\/div>\n<\/div><\/div><\/div><\/div><\/div><\/div><\/div>","protected":false},"excerpt":{"rendered":"","protected":false},"author":1,"featured_media":0,"parent":0,"menu_order":0,"comment_status":"closed","ping_status":"closed","template":"page-templates\/page_fullwidth.php","meta":{"_mi_skip_tracking":false},"_links":{"self":[{"href":"https:\/\/biopro.sn\/index.php\/wp-json\/wp\/v2\/pages\/221"}],"collection":[{"href":"https:\/\/biopro.sn\/index.php\/wp-json\/wp\/v2\/pages"}],"about":[{"href":"https:\/\/biopro.sn\/index.php\/wp-json\/wp\/v2\/types\/page"}],"author":[{"embeddable":true,"href":"https:\/\/biopro.sn\/index.php\/wp-json\/wp\/v2\/users\/1"}],"replies":[{"embeddable":true,"href":"https:\/\/biopro.sn\/index.php\/wp-json\/wp\/v2\/comments?post=221"}],"version-history":[{"count":108,"href":"https:\/\/biopro.sn\/index.php\/wp-json\/wp\/v2\/pages\/221\/revisions"}],"predecessor-version":[{"id":1409,"href":"https:\/\/biopro.sn\/index.php\/wp-json\/wp\/v2\/pages\/221\/revisions\/1409"}],"wp:attachment":[{"href":"https:\/\/biopro.sn\/index.php\/wp-json\/wp\/v2\/media?parent=221"}],"curies":[{"name":"wp","href":"https:\/\/api.w.org\/{rel}","templated":true}]}}